*j - 6 = f + 10, 2*j = -y*f - 34. Let a = f - -61. What is the tens digit of a?
4
Suppose -2*l + 2*c + 209 - 9 = 0, 0 = 5*c + 20. What is the tens digit of l?
9
Let b be 2/(-8) - (-4 + -4)/32. Suppose 2*q + 3*u - 329 = b, -5*u + 56 = 2*q - 263. What is the tens digit of q?
7
Let a = -35 - -29. What is the hundreds digit of 1602/12 + -3 + a/(-4)?
1
Let v = -642 - -1173. What is the hundreds digit of v?
5
Let h(z) be the third derivative of z**6/120 + 3*z**5/20 + 5*z**4/24 - 5*z**3/3 + 12*z**2. Let u be h(-7). Let p = u - -24. What is the tens digit of p?
7
Suppose 7*h = 25*h - 10656. What is the hundreds digit of h?
5
Suppose 0 = -o - w + 10 - 1, -2*o - 4*w + 26 = 0. Suppose -3*m = x - 0 + 3, 4*x + 2*m = 8. What is the units digit of 51 - (-3 - (x - o))?
2
Let i(q) be the second derivative of q**3/3 - 5*q**2 + 8*q. Let o(z) = -z + 5. Let n(g) = 2*i(g) + 5*o(g). What is the units digit of n(-4)?
9
Let v(f) = -f**3 - 2*f**2 + 7*f - 35. What is the tens digit of v(-11)?
7
Suppose -20 = -2*y - 5*a, y + 4*a - 16 + 3 = 0. Suppose -4*g - 45 = -y*g. What is the tens digit of g?
4
Let h = -103 + 248. What is the units digit of -1 + (-664)/(-10) + 87/h?
6
Let n = 1963 + -1433. What is the tens digit of n?
3
Let m = -10 - -7. Let g be -1 + m + 1 + 1. What is the tens digit of g/(-8) - 95/(-4)?
2
Let h = 329 + -220. Let x = 24 + h. What is the hundreds digit of x?
1
Let y(d) = 14*d**2 - d + 5. What is the tens digit of y(-6)?
1
Suppose -2*y = -2, 7*y = -d + 4*y + 8. Suppose n + 4*w = 56 + 75, 595 = 5*n + d*w. What is the hundreds digit of n?
1
Let o = 1645 + 2381. What is the tens digit of o?
2
Suppose 635 = 5*g - 2*k - 3*k, 122 = g - 2*k. What is the units digit of g?
2
Suppose -5*r + 1077 = 4*k, 0 = -2*r + 3*r - 5. What is the units digit of k?
3
Let d be 8/(-84) + 10/((-2100)/(-1490)). Let h(u) = u**2 - 2 - 3 - 6*u**2 - 7*u + u**3. What is the tens digit of h(d)?
4
Let j = -2199 + 3130. What is the hundreds digit of j?
9
Let u(a) = -a**2 - 17*a + 909. What is the tens digit of u(0)?
0
Let u = -96 - -99. What is the tens digit of ((-6)/u - 229)*(-2)/6?
7
What is the hundreds digit of 56/(-6)*9/54*-153?
2
Let n(l) = 5*l + 0*l - 27*l**2 - 2*l + 0*l + 8. Let c(r) = -18*r**2 + 2*r + 5. Let y(o) = -8*c(o) + 5*n(o). What is the tens digit of y(-1)?
1
Suppose -3*x = -5*h + 2595, -2*h - 5*x = -4*x - 1049. What is the hundreds digit of h?
5
Let v be (-3 + 3 + 0)/(-2)*-1. Suppose -w - 2*a + 159 = v, 2*a - 315 + 1110 = 5*w. What is the units digit of w?
9
Let d be 8/1 + (-6)/3. Let w(v) = -d*v**2 - 12 + 13*v**2 + v**3 + 3*v - 13*v. What is the units digit of w(-8)?
4
What is the units digit of 4/(8/2986) + 8?
1
Suppose 57*i + 6674 = 82313. What is the tens digit of i?
2
Let t(s) = -s**3 - 18*s**2 - 19*s - 18. Let r be t(-17). Let m = r - 8. What is the units digit of m?
8
Let b be -3 + -78*8/12. Let d = 59 + b. What is the units digit of d?
4
Suppose -s + 0*s + 5 = 0. Suppose s*k + 0*k = 10. Suppose 2*p - c - 1 = -k*c, c - 3 = -3*p. What is the units digit of p?
2
What is the tens digit of (485/(-20))/(1/(-20))?
8
Let y(n) = -n - 14. Let h(t) = -t + 1. Let s be h(6). Let o be y(s). What is the tens digit of (-209)/o - (-6)/(-27)?
2
Let k = -2 + 2. Suppose 0 = 3*o - 3, -76 = -k*h - h - o. What is the tens digit of h?
7
Suppose 4 + 21 = 5*u. Let q(v) = 21*v - 22. What is the tens digit of q(u)?
8
Let b(t) be the second derivative of t**3 + 21*t**2/2 + 9*t. What is the tens digit of b(11)?
8
Let f = 82 - 78. Suppose 3*b - 8 = 4. Suppose -f*r = -b - 188. What is the units digit of r?
8
Let j be -630*(1 - -1 - 4). Let t = -814 + j. Suppose 105 = 2*g - 5*m, 126 - t = -5*g + m. What is the units digit of g?
5
Let l(z) = 23 - 9 + 26 - 8*z + 15*z. What is the tens digit of l(8)?
9
Let r(g) = g**2 - 12*g + 38. What is the units digit of r(29)?
1
Let g = 13 + -12. Let k be (6 - 9) + 9 + g. Suppose -34 = k*o - 398. What is the tens digit of o?
5
Let z(d) = -2*d**3 + 2*d**2 + 14*d + 5. What is the tens digit of z(-4)?
0
Let i = 33 + 38. Let l = -44 + i. What is the tens digit of l?
2
Let s = -9 - -15. Suppose 2*f = s*f + 28. Let j(m) = 2*m**2 + 8*m + 1. What is the tens digit of j(f)?
4
Let r be 0/(-1)*11/(-44). Suppose v - 4*v + 12 = r. What is the tens digit of (-550)/(-35) + v/14?
1
Let w(a) = -a**2 + 9*a + 14. Let h be w(11). What is the hundreds digit of (-2)/h + 1804/16?
1
Let l(t) = 11*t - 1. Let w(u) = -u**3 + 8*u**2 + 10*u - 3. Let i be w(9). Let q = -5 + i. What is the tens digit of l(q)?
1
Let g = 10 + 1. Let i be (g - 12)*-2*1. Suppose -i = -q + 4. What is the units digit of q?
6
Let a = 92 + 42. Let m = a - 23. What is the tens digit of m?
1
Let b be 5/15 + (-3)/9. Suppose -2*y + 5*j - 16 = b, -3*j + 20 = 2*j. What is the units digit of y*(-3 - 13/(-2))?
7
Let n(h) = 75*h**2 - 10. What is the hundreds digit of n(4)?
1
Suppose -8634 = -10*h + 3206. What is the thousands digit of h?
1
Let v be (3 - (9 + -2))*-35. Suppose g = -25 + v. Suppose 2*l = -3*l + g. What is the tens digit of l?
2
Suppose -3*n + 129 = -2*t + 3*t, t = n + 137. What is the tens digit of t?
3
Let d be 20/70 - (-3345)/(-21). Let i = d - -266. What is the tens digit of i?
0
Let a(v) = 11*v**2 - 19*v - 149. What is the hundreds digit of a(-7)?
5
Let y be 4 + (3 - (6 - 1)). Let f(x) = -2*x**2 + x. Let i be f(y). Let g(t) = t**3 + 5*t**2 - 6*t + 1. What is the units digit of g(i)?
1
Let w be (0 + -1)/((-2)/20). Let r be w + 1 + -2 + -1. What is the units digit of 162/r + 2/(-8)?
0
Let g(f) = 3*f - 30. Let n be g(12). Let z be n/(-3) + 6 - -68. Let b = -39 + z. What is the units digit of b?
3
Suppose -d - 3*r - 551 = 3*d, d + 134 = -2*r. Let z = d + 197. Suppose -3*u + 3 = -z. What is the units digit of u?
0
Let y(h) = 24*h**2 + 14*h + 114. What is the units digit of y(-6)?
4
Let v(q) = 195*q + 3. What is the tens digit of v(3)?
8
Let m(x) = 3*x - 2*x + 17 + 42. What is the units digit of m(0)?
9
Let v(m) be the second derivative of m**7/60 + m**5/60 - m**4/24 - m**3/3 + 3*m. Let b(o) be the second derivative of v(o). What is the tens digit of b(1)?
1
Let l(y) = 87*y - 77. What is the tens digit of l(10)?
9
Suppose -3*j = w, -5*w = 4*j - 0*w. Suppose -g + 4*g - 669 = j. What is the hundreds digit of g?
2
Suppose 4 + 2 = 3*y. Suppose 4*n - 23 - 13 = y*d, -3*n + 3*d + 30 = 0. What is the tens digit of (n/12)/((-3)/(-117))?
2
Suppose -3*q - 948 = -5*i, -2*q + 51 = 3*i - 533. What is the units digit of i?
2
Suppose 0 = -5*n - 4*g - 141, -3*n - g = 2*g + 84. Let t = 32 + n. Suppose -2*x = 5*m - 302, -t*m + 5*x = 2*m - 295. What is the units digit of m?
0
Let z be -7 - (-4 + 3)*1. Let h = 1 - z. What is the tens digit of (-12)/42 - (-177)/h?
2
Let l(b) = b**2 + 7*b + 5. Let i be 5/1*-1 - 2. Let n be l(i). Suppose x = 2*y + 40, 3*y - n*y + 176 = 5*x. What is the tens digit of x?
3
Suppose 3*p - 40 = -2*s, 2*s = -6*p + 4*p + 24. What is the units digit of p/1*161/28?
2
Let o be ((-10)/(-3))/(4/(-24)). Let g(s) = -4*s - 23. What is the tens digit of g(o)?
5
Let p(y) = 55*y + 45. What is the units digit of p(6)?
5
Let n be (-2*3 - 0) + 3. Let l be 2/(-2)*-3 + n. Suppose -2*r + l*r + 8 = 2*v, 4*v = -3*r + 9. What is the units digit of r?
7
Suppose -11*a + 91 = -8. Suppose -83 = -a*d + 160. What is the tens digit of d?
2
Let u(b) = 8*b**3 + 70*b - 17*b**3 + 74*b + 1 - 144*b - b**2. Suppose -2 = 4*v + 2. What is the units digit of u(v)?
9
Let g = -27 - -30. Suppose -21 = -g*x - 0*x - 4*q, 3*x = -q + 21. Suppose 0 = -x*z + 324 + 145. What is the units digit of z?
7
Let a(h) = -h - 7*h**3 - h - 2*h**2 - 1 + 3*h + 6*h**3. Let l be a(0). What is the tens digit of -5 - l - (-186)/3?
5
Let x = -3922 - -6795. What is the tens digit of x?
7
Suppose 5*w + 791 = 5*f - 379, 5*f = 3*w + 1162. What is the units digit of f?
0
Suppose -3*d - 35 + 218 = 3*f, -f + 70 = 4*d. Suppose -2*a = -7*a + 4*h - 215, -4*h - f = 2*a. What is the units digit of 2/4 - a/2?
0
Let p(g) = -2*g + 12. Let c be -3 - -7 - (18 - 2). What is the tens digit of p(c)?
3
Suppose 3*f - 3*g = -7 - 455, -5*f = 4*g + 752. What is the tens digit of (1 - 7)/(3*1/f)?
0
Let s(t) = t**2 - 16*t + 20. Let m be s(-10). Suppose -17*u + 15*u = -m. What is the units digit of u?
0
Let x = 1522 + -1066. What is the tens digit of x?
5
Let k be (-9)/15 - (-69)/15. Suppose